12?
7391
Calculate the highest common factor of 595105 and 136115.
35
What is the highest common divisor of 2304 and 202694256?
144
What is the highest common factor of 249632552 and 936?
104
Calculate the highest common factor of 84 and 3595872.
84
What is the highest common divisor of 3888 and 1732064?
16
Calculate the highest common factor of 576 and 1283760.
144
What is the greatest common divisor of 3845124 and 1080?
108
Calculate the highest common divisor of 35560483 and 7.
7
Calculate the highest common factor of 45262557 and 81.
81
What is the greatest common factor of 900 and 170132100?
300
What is the greatest common factor of 5450223 and 2548302?
5613
What is the highest common divisor of 4900 and 866?
2
What is the highest common factor of 50553 and 607047?
411
Calculate the highest common divisor of 347 and 10480788.
347
What is the greatest common divisor of 3913 and 633003?
301
Calculate the greatest common factor of 31747144 and 216.
8
Calculate the greatest common factor of 16 and 77484864.
16
What is the highest common factor of 506 and 35286163?
253
Calculate the highest common factor of 75 and 261144175.
25
Calculate the highest common factor of 6738 and 12631504.
2246
Calculate the greatest common factor of 6550 and 1343274.
262
Calculate the greatest common factor of 2133908 and 15232.
476
What is the greatest common factor of 18662 and 1925497?
301
Calculate the highest common factor of 21836 and 1828.
4
Calculate the highest common divisor of 164 and 52871919.
41
What is the highest common divisor of 1867560 and 520?
40
Calculate the greatest common factor of 5511 and 1066021.
11
What is the greatest common divisor of 1972735 and 923?
71
Calculate the highest common factor of 55 and 55408045.
55
What is the highest common factor of 7594136 and 6688?
88
What is the highest common factor of 401 and 25017187?
401
What is the greatest common factor of 3716 and 34?
2
What is the greatest common factor of 130 and 16122665?
65
Calculate the greatest common divisor of 275360 and 9360.
80
What is the greatest common divisor of 6882 and 1998000?
222
Calculate the greatest common divisor of 875 and 14388850.
175
Calculate the highest common factor of 403 and 119587.
13
Calculate the greatest common factor of 2241359491 and 266.
133
What is the highest common factor of 30061864 and 1284?
428
Calculate the greatest common divisor of 62769455 and 7.
7
Calculate the greatest common factor of 5844 and 69831417.
1461
Calculate the greatest common divisor of 829447941 and 774.
129
What is the greatest common factor of 61013 and 2726086?
629
Calculate the highest common factor of 67637 and 934729.
239
Calculate the greatest common factor of 306 and 356631831.
153
Calculate the greatest common divisor of 32928 and 616371.
1029
Calculate the greatest common factor of 5 and 1265405.
5
Calculate the greatest common divisor of 3042 and 335151414.
234
Calculate the greatest common factor of 304 and 31784112.
304
Calculate the greatest common factor of 790 and 661678562.
158
What is the highest common divisor of 419362 and 346964?
1366
Calculate the greatest common factor of 142416234 and 162.
18
What is the greatest common divisor of 2363592 and 756?
84
What is the highest common factor of 1921139 and 22?
11
What is the greatest common divisor of 219474 and 29866?
274
Calculate the greatest common factor of 247865474 and 17.
17
What is the greatest common divisor of 36152298 and 1051?
1051
Calculate the greatest common divisor of 104002833 and 33.
33
Calculate the greatest common factor of 88 and 1746976.
88
What is the greatest common factor of 18903500 and 847957?
5401
Calculate the highest common divisor of 666 and 31053.
3
What is the greatest common factor of 50292 and 7838?
2
Calculate the highest common divisor of 138 and 1224411.
3
Calculate the highest common divisor of 25130605 and 920.
115
Calculate the highest common factor of 264 and 82785153.
33
Calculate the highest common divisor of 24 and 12409528.
8
What is the greatest common divisor of 92547 and 25194?
39
What is the highest common factor of 40368795 and 69?
69
What is the greatest common divisor of 1206712 and 2600?
104
What is the greatest common factor of 1769063367 and 17?
17
Calculate the highest common divisor of 2415 and 1340647.
161
What is the highest common factor of 47375364 and 1572?
1572
What is the highest common factor of 110 and 45245750?
110
What is the greatest common divisor of 626807 and 1207?
17
What is the highest common divisor of 9707778 and 90?
18
Calculate the highest common divisor of 104843285 and 545.
545
What is the highest common divisor of 770 and 1250865?
385
What is the highest common divisor of 152253473 and 1784?
223
Calculate the greatest common factor of 80525 and 22089618.
3221
What is the greatest common factor of 8100 and 4030300?
100
Calculate the greatest common factor of 505066 and 22.
2
What is the highest common divisor of 15 and 1208195?
5
What is the highest common divisor of 17193911 and 23975?
959
Calculate the highest common divisor of 211266 and 414.
18
What is the greatest common factor of 116519447 and 5533?
5533
What is the greatest common divisor of 472500158 and 596?
298
Calculate the highest common divisor of 1218250 and 25872.
22
What is the highest common factor of 282 and 1143214746?
282
Calculate the highest common factor of 6336 and 114118092.
396
What is the highest common factor of 2452177 and 273?
91
Calculate the greatest common factor of 66 and 371903906.
22
Calculate the highest common factor of 152 and 63403.
19
Calculate the greatest common factor of 48794475 and 4248.
177
What is the highest common divisor of 24972 and 38644?
4
What is the greatest common divisor of 129949014 and 1092?
78
Calculate the highest common factor of 2220 and 2640570.
30
Calculate the highest common divisor of 26 and 24889111.
13
Calculate the greatest common divisor of 2486 and 113558898.
226
What is the greatest common divisor of 855 and 6587730?
45
What is the greatest common factor of 6198816 and 13728?
1248
What is the greatest common divisor of 350283 and 455067?
177
Calculate the greatest common factor of 323091176 and 806.
62
Calculate the greatest common factor of 105274032 and 576.
48
Calculate the highest common factor of 1551856 and 276.
92
Calculate the highest common divisor of 22000 and 2854000.
2000
What is the highest common factor of 4201847 and 6084?
169
Calculate the greatest common divisor of 1365 and 11567465.
455
Calculate the highest common divisor of 11859 and 220698.
201
What is the greatest common divisor of 2497 and 295829578?
2497
Calculate the highest common factor of 2741343 and 264.
33
What is the greatest common divisor of 343761 and 352836?
363
What is the highest common factor of 70349 and 8684342?
103
Calculate the greatest common divisor of 32065275 and 6600.
825
Calculate the highest common divisor of 21364736 and 326.
326
Calculate the highest common divisor of 6039 and 3572976.
33
Calculate the highest common divisor of 35933422 and 56.
14
What is the highest common factor of 453264 and 8436?
228
What is the greatest common factor of 2293 and 38180743?
2293
Calculate the highest common divisor of 2990 and 24606550.
230
Calculate the highest common factor of 132 and 23011384.
44
Calculate the greatest common factor of 32980878 and 16254.
378
What is the highest common factor of 4182976 and 107968?
448
What is the greatest common divisor of 23529142 and 28?
14
What is the highest common divisor of 4 and 2805676?
4
Calculate the highest common divisor of 369990 and 97320.
30
Calculate the greatest common factor of 66 and 70716162.
66
What is the greatest common divisor of 298 and 54533702?
298
Calculate the greatest common divisor of 210153500 and 500.
500
What is the highest common factor of 765 and 388294110?
765
What is the highest common factor of 240416 and 836880?
176
What is the greatest common factor of 156971 and 2?
1
Calculate the greatest common divisor of 712412640 and 1440.
1440
Calculate the greatest common factor of 106 and 11495753.
53
What is the highest common factor of 27868 and 272?
4
What is the highest common factor of 416 and 201056?
32
What is the highest common